?
20681
List the prime factors of 30069.
3, 13, 257
What are the prime factors of 2847?
3, 13, 73
What are the prime factors of 2651?
11, 241
List the prime factors of 11985.
3, 5, 17, 47
List the prime factors of 2689.
2689
List the prime factors of 5199.
3, 1733
List the prime factors of 120578.
2, 60289
List the prime factors of 2063.
2063
List the prime factors of 61637.
61637
List the prime factors of 5161.
13, 397
List the prime factors of 4862.
2, 11, 13, 17
List the prime factors of 28471.
71, 401
List the prime factors of 2425.
5, 97
List the prime factors of 716.
2, 179
List the prime factors of 1339.
13, 103
What are the prime factors of 3366?
2, 3, 11, 17
List the prime factors of 11819.
53, 223
List the prime factors of 259.
7, 37
List the prime factors of 2028.
2, 3, 13
List the prime factors of 21973.
7, 43, 73
What are the prime factors of 3010?
2, 5, 7, 43
What are the prime factors of 3638?
2, 17, 107
What are the prime factors of 1323?
3, 7
List the prime factors of 224.
2, 7
List the prime factors of 454.
2, 227
List the prime factors of 6628.
2, 1657
What are the prime factors of 1162?
2, 7, 83
List the prime factors of 999.
3, 37
What are the prime factors of 44956?
2, 11239
List the prime factors of 1124.
2, 281
List the prime factors of 10538.
2, 11, 479
List the prime factors of 39722.
2, 19861
List the prime factors of 4025.
5, 7, 23
List the prime factors of 48152.
2, 13, 463
What are the prime factors of 22164?
2, 3, 1847
List the prime factors of 638.
2, 11, 29
List the prime factors of 7080.
2, 3, 5, 59
List the prime factors of 175.
5, 7
What are the prime factors of 2604?
2, 3, 7, 31
List the prime factors of 2250.
2, 3, 5
What are the prime factors of 123668?
2, 43, 719
What are the prime factors of 47367?
3, 19, 277
List the prime factors of 1084.
2, 271
What are the prime factors of 7290?
2, 3, 5
What are the prime factors of 108?
2, 3
List the prime factors of 14894.
2, 11, 677
List the prime factors of 4173.
3, 13, 107
What are the prime factors of 125016?
2, 3, 5209
What are the prime factors of 1634?
2, 19, 43
List the prime factors of 73136.
2, 7, 653
What are the prime factors of 66067?
66067
List the prime factors of 2664.
2, 3, 37
What are the prime factors of 2529?
3, 281
List the prime factors of 20567.
131, 157
List the prime factors of 46390.
2, 5, 4639
What are the prime factors of 462?
2, 3, 7, 11
List the prime factors of 2432.
2, 19
What are the prime factors of 49534?
2, 24767
What are the prime factors of 273?
3, 7, 13
What are the prime factors of 10681?
11, 971
List the prime factors of 4628.
2, 13, 89
List the prime factors of 1271.
31, 41
What are the prime factors of 221?
13, 17
List the prime factors of 29822.
2, 13, 31, 37
List the prime factors of 4223.
41, 103
List the prime factors of 5036.
2, 1259
List the prime factors of 48976.
2, 3061
What are the prime factors of 723?
3, 241
What are the prime factors of 8135?
5, 1627
What are the prime factors of 3853?
3853
List the prime factors of 6723.
3, 83
List the prime factors of 7447.
11, 677
What are the prime factors of 692?
2, 173
List the prime factors of 27760.
2, 5, 347
List the prime factors of 9297.
3, 1033
List the prime factors of 23551.
11, 2141
What are the prime factors of 4529?
7, 647
List the prime factors of 211.
211
List the prime factors of 5553.
3, 617
List the prime factors of 1446.
2, 3, 241
What are the prime factors of 306?
2, 3, 17
List the prime factors of 89907.
3, 23, 1303
What are the prime factors of 62353?
23, 2711
List the prime factors of 444.
2, 3, 37
List the prime factors of 947.
947
What are the prime factors of 1076?
2, 269
What are the prime factors of 3387?
3, 1129
What are the prime factors of 3818?
2, 23, 83
What are the prime factors of 1191?
3, 397
What are the prime factors of 2290?
2, 5, 229
What are the prime factors of 161572?
2, 31, 1303
What are the prime factors of 626?
2, 313
List the prime factors of 325.
5, 13
What are the prime factors of 664?
2, 83
List the prime factors of 21361.
41, 521
What are the prime factors of 20856?
2, 3, 11, 79
What are the prime factors of 213?
3, 71
List the prime factors of 2843.
2843
List the prime factors of 81525.
3, 5, 1087
What are the prime factors of 11264?
2, 11
What are the prime factors of 5440?
2, 5, 17
What are the prime factors of 42383?
11, 3853
What are the prime factors of 1106?
2, 7, 79
List the prime factors of 26255.
5, 59, 89
List the prime factors of 1464.
2, 3, 61
What are the prime factors of 15360?
2, 3, 5
List the prime factors of 26414.
2, 47, 281
List the prime factors of 12337.
13, 73
List the prime factors of 10720.
2, 5, 67
List the prime factors of 6276.
2, 3, 523
What are the prime factors of 530?
2, 5, 53
List the prime factors of 29911.
7, 4273
List the prime factors of 20392.
2, 2549
List the prime factors of 9856.
2, 7, 11
What are the prime factors of 1152?
2, 3
What are the prime factors of 34445?
5, 83
What are the prime factors of 6769?
7, 967
List the prime factors of 56032.
2, 17, 103
What are the prime factors of 72547?
72547
What are the prime factors of 19272?
2, 3, 11, 73
What are the prime factors of 100356?
2, 3, 8363
List the prime factors of 38728.
2, 47, 103
What are the prime factors of 2362?
2, 1181
List the prime factors of 5210.
2, 5, 521
What are the prime factors of 63019?
11, 17, 337
List the prime factors of 15705.
3, 5, 349
What are the prime factors of 10693?
17, 37
List the prime factors of 45973.
31, 1483
List the prime factors of 4678.
2, 2339
What are the prime factors of 37762?
2, 79, 239
What are the prime factors of 1501?
19, 79
List the prime factors of 28644.
2, 3, 7, 11, 31
What are the prime factors of 3614?
2, 13, 139
What are the prime factors of 4395?
3, 5, 293
What are the prime factors of 3631?
3631
What are the prime factors of 33252?
2, 3, 17, 163
What are the prime factors of 131777?
131777
List the prime factors of 1435.
5, 7, 41
What are the prime factors of 7860?
2, 3, 5, 131
List the prime factors of 2074.
2, 17, 61
What are the prime factors of 6884?
2, 1721
List the prime factors of 2404.
2, 601
List the prime factors of 89896.
2, 17, 661
List the prime factors of 7883.
7883
List the prime factors of 363.
3, 11
List the prime factors of 118421.
79, 1499
List the prime factors of 1482.
2, 3, 13, 19
What are the prime factors of 7157?
17, 421
List the prime factors of 47289.
3, 11, 1433
What are the prime factors of 970?
2, 5, 97
What are the prime factors of 93?
3, 31
List the prime factors of 32224.
2, 19, 53
What are the prime factors of 43?
43
What are the prime factors of 71333?
71333
What are the prime factors of 1061?
1061
What are the prime factors of 4651?
4651
What are the prime factors of 34711?
103, 337
List the prime factors of 83299.
83299
List the prime factors of 52443.
3, 5827
List the prime factors of 4098.
2, 3, 683
What are the prime factors of 5585?
5, 1117
What are the prime factors of 8220?
2, 3, 5, 137
List the prime factors of 93.
3, 31
What are the prime factors of 12430?
2, 5, 11, 113
List the prime factors of 60338.
2, 30169
List the prime factors of 230.
2, 5, 23
What are the prime factors of 2099?
2099
What are the prime factors of 82685?
5, 23, 719
List the prime factors of 7777.
7, 11, 101
What are the prime factors of 49198?
2, 17, 1447
List the prime factors of 12745.
5, 2549
What are the prime factors of 5685?
3, 5, 379
List the prime factors of 1479.
3, 17, 29
List the prime factors of 52765.
5, 61, 173
List the prime factors of 18724.
2, 31, 151
What are the prime factors of 18176?
2, 71
List the prime factors of 5316.
2, 3, 443
What are the prime factors of 13160?
2, 5, 7, 47
List the prime factors of 11000.
2, 5, 11
What are the prime factors of 47539?
137, 347
What are the prime factors of 63749?
7, 1301
List the prime factors of 34331.
11, 3121
What are the prime factors of 31023?
3, 383
List the prime factors of 17404.
2, 19, 229
What are the prime factors of 610?
2, 5, 61
List the prime factors of 59811.
3, 19937
List the prime factors of 37677.
3, 19, 661
List the prime factors of 33005.
5, 7, 23, 41
List the prime factors of 540.
2, 3, 5
What are the prime factors of 1515?
3, 5, 101
List the prime factors of 1561.
7, 22